= 3*h + 6. Let u(o) = -o - 2. Let n(j) = 4*r(j) + 11*u(j). Let l(m) = m + 3. Let q(f) = d*n(f) - 7*l(f). Calculate q(-7).
-2
Let a(h) be the first derivative of -3*h**2 + 1. Suppose -2*j + 5*c = 19, -5*j = 4*c - 5*c - 10. Suppose j = 2*w - 5*w. Calculate a(w).
6
Let d(i) be the second derivative of i**5/20 + i**4/4 + i**3/2 + 2*i**2 + 49*i. Let k be d(-3). Let j(u) = -3*u - 5. Give j(k).
10
Let v be 21/(-3) - (-6)/2. Let b(u) = -3*u - 5. Let k(c) = -3*c - 5. Let n(o) = 4*b(o) - 3*k(o). Let i(w) = -w + 1. Let g(j) = v*i(j) - n(j). What is g(-2)?
-13
Let s(i) = i**3 - 3*i**2 + i + 1. Suppose -4*w + 4 = -2*w. Suppose -14 = -w*t - 8*h + 4*h, 2*t - 4 = h. Give s(t).
4
Let b(v) = -v - 1494 + 1461 + 2*v. What is b(21)?
-12
Suppose 2 + 1 = f - 2*l, 5 = 3*f - 4*l. Let v be -2 + 6/2 - -1. Let z(p) = -4 - 1 - p**v + p + p**3 + 4 - 3*p. Calculate z(f).
-1
Let t(i) = 3*i + 4*i - 2 - 5*i - i. Let m(z) = 3*z - 7. Let p(b) = -4*m(b) + 11*t(b). Let d be p(12). Let h(q) = -q**2 - 5*q + 6. Calculate h(d).
0
Let b(q) = -3 + 3 - 6*q - 5 - q**3 - 8*q**2. Let y = 5715 + -5722. Give b(y).
-12
Let o(n) = 4 + 3 + n + 1. Determine o(-4).
4
Suppose 2*k = -k + 60. Suppose -x + 6*x + k = 0. Let w(i) = -2*i - 6. Determine w(x).
2
Suppose -2*q = n - q + 7, 39 = -5*n - q. Let w(k) be the third derivative of -3/20*k**5 + 0*k + 5*k**2 - 1/120*k**6 - 3/8*k**4 + 0 - 11/6*k**3. Calculate w(n).
-3
Let r(d) = 7*d + 272. Let h be r(-38). Let b(m) = -m + 3. Determine b(h).
-3
Let p(u) = u**2 - u - 2. Let t(i) = 8*i - 12 + 11*i - 33*i + 15*i. Suppose -4*g = -2*a - 13 + 51, -3*a - 4*g + 37 = 0. Let z be t(a). What is p(z)?
4
Let a(u) = 24*u**2 + u. Let n(d) = -d - 44. Let o be n(-43). Calculate a(o).
23
Let r(l) = -l - 5. Let i = -21 + 32. Let k be ((-44)/i)/(8/(-6)). Suppose 0 = -0*g + k*g. Give r(g).
-5
Let g(m) = -m + 0*m + 32 - 44. Suppose 4*q = -3*t + 3, 2*q + 5*t + 0 = 5. What is g(q)?
-12
Let q(y) be the third derivative of -y**4/24 + 7*y**3/6 + 11*y**2 - y. Give q(0).
7
Let z(k) = 2*k**3 + 47*k**2 - 23*k + 33. Let b be z(-24). Let g(s) = s**3 - 10*s**2 + 12*s - 10. What is g(b)?
17
Let l(w) = w**2 + 2*w + 1. Let v be 52/(-16) + (-2)/(-8). Give l(v).
4
Let d be 16 + 1 - (22 - 21). Let o(p) = -43*p + 3*p**2 + 18*p + 8*p + d*p. Suppose -q = -2*y - 5, 3*y - 2*y - 2 = 5*q. Give o(q).
4
Let f(u) be the third derivative of -u**8/480 - u**6/720 + 11*u**4/24 - u**2. Let m(h) be the second derivative of f(h). Give m(-1).
15
Suppose -k + 18 = -5*p, 0 = -p - 2*p - 3*k. Let l(d) = 7*d**3 + 3*d**2 - d - 8. Let h(y) = -y**3 + 1. Let t(r) = -6*h(r) - l(r). Determine t(p).
-1
Let k be (24/20)/((-5)/(-25)). Let p = k - 3. Let w(y) = p*y**2 + 5 - 3 - 4*y - y**3 + 2*y**3. Determine w(-4).
2
Let m(r) = -r**2 - 6*r + 6. Let b = 15 - -1. Suppose 8 + b = -4*s. Determine m(s).
6
Suppose 0 = 10*t + 7*t + 85. Let d(l) = -l**2 - 8*l + 1. What is d(t)?
16
Let q(r) = r**2 + 6*r + 7. Let u be 0 + ((-168)/(-6))/(-4). Calculate q(u).
14
Suppose -3*k + 0*r + 15 = -r, k + r - 1 = 0. Suppose u + 3*u = -k. Let h(w) = 5*w + 3 - 1 - 3 - w. Determine h(u).
-5
Let o(m) = m + 15. Let t be 3 + -1 + -3 - -3. Let h be ((-10)/20)/(1/t) + -7. What is o(h)?
7
Let i(y) = -3*y - 3. Let s(h) = -8*h - 7. Let j(a) = -5*i(a) + 2*s(a). Calculate j(-5).
6
Let l(w) = 2*w - 5. Let u(c) = c - 7. Let f(o) = 2*l(o) - 3*u(o). Calculate f(0).
11
Let r(n) = 7*n**2 - 2*n - 2. Let j be (22/154)/(4/56). Determine r(j).
22
Let c(u) be the third derivative of -1/12*u**5 + 1/4*u**4 + 7*u**2 + 0 + 0*u - u**3. Let b(w) = w**2 - w + 1. Let r(g) = -6*b(g) - c(g). Calculate r(-1).
-1
Let v = 5 - 4. Let h(o) = -4*o. Let r be h(v). Let a(u) = 4 + 0 + u**3 + u**3 - u**3 + 4*u**2 + 3*u. Give a(r).
-8
Let l(p) be the first derivative of p**3/3 - 3*p**2/2 + 4*p - 2. Let k = 313 + -309. What is l(k)?
8
Let m(w) = -3*w**2 + 4*w. Suppose -14 = -f - 12. Give m(f).
-4
Let d(k) = -k**3 - 8*k**2 - 6*k + 5. Let i be 2 + -1 + (-104 - -19). Let n be i/(-8)*(-2)/3. What is d(n)?
-2
Let z(n) = 5*n**3 - n**2 + 6*n - 3. Let l be z(2). Suppose -2*a = 0, -4*a + a = -5*v - l. Let x(d) = 2*d + 9. Calculate x(v).
-9
Let t(z) = -z + 1. Let d(p) = 8*p - 5. Let i(k) = -d(k) - 4*t(k). Let w(q) = 11*q - 3. Let o = -12 + 6. Let r(x) = o*w(x) - 17*i(x). Determine r(3).
7
Let m be (24/60)/(1/10). Let x(v) = 1 + 5*v - 2*v + 2*v**2 - m*v. Let f = -23 + 24. Determine x(f).
2
Let d(a) = -11*a - 41. Let s(t) = -3*t - 13. Let b(n) = 2*d(n) - 7*s(n). Determine b(9).
0
Let v(n) = 7*n**3 - 5*n**2 - 6*n. Let q(b) = 5*b**3 - 4*b**2 - 6*b + 2. Let a(i) = -3*q(i) + 2*v(i). Calculate a(4).
-14
Suppose -10*g = -7*g - 3. Let l(i) = i**3 - i. Let k(u) = 5*u**3 - 4*u. Let q(t) = -k(t) + 4*l(t). Determine q(g).
-1
Let n(b) = -b + 1. Let m = 8 - 7. Let a be n(m). Let k(r) be the first derivative of r**3/3 + 2*r + 3. Calculate k(a).
2
Let d(t) be the second derivative of 1/2*t**2 + 0 - 21*t + 1/6*t**3. Calculate d(-1).
0
Let q(d) = -2*d**2 - 89*d + 654. Let h be q(-51). Let x(t) = -2*t**2 - 8*t + t**2 + 10 + 3. Determine x(h).
4
Suppose -4*j + 16 = 2*v, 2*v = -5*j - 2*v + 20. Let d(x) = 0 - x - 3*x**3 + 0 - j*x**2 + 0*x**3 + 2. Determine d(-2).
12
Let h(r) = 8*r - 1. Let v be 1*1*(1 - 1). Suppose -5*i - 5*d - 15 = v, -d = 5*i + 3*d + 13. Calculate h(i).
-9
Let m(y) be the third derivative of -y**7/420 - 3*y**4/2 + 17*y**2 - 3*y. Let c(z) be the second derivative of m(z). Give c(1).
-6
Let j(a) = -a - 7. Suppose -128 = 11*f - 84. Determine j(f).
-3
Let o(r) = -r**3 - 17*r**2 - 16*r + 7. Let z be -7*77/33 + 1/3. What is o(z)?
7
Let t(q) = 4089*q - 4089*q + 4*q**2 - 3 + 0*q**2 - q**3. Let d(l) = l**2 + 6*l - 3. Let w be d(-7). What is t(w)?
-3
Suppose -2*f + 8 = -0*f. Let r(j) = 1 + f - j**2 + 3*j - 1. Let o be (1 - 2)*(15 + -20). Give r(o).
-6
Let a(j) = -j**2 - 13*j + 8. Let f be 11/((6 - 3 - 5)/2). Give a(f).
30
Let x(b) = -6 - b - b**3 - 2*b**2 - 6*b**2 + 0*b. Let r be x(-8). Let z(j) = 4*j**2 + 2*j**3 - 3*j + j - 6*j**2. Determine z(r).
4
Let m(x) = -2*x**3 + 6*x**2 - 5*x + 2. Let d be m(4). Let o be d/15 + (-10)/15. Let l(t) = t**2 + 3*t - 3. Give l(o).
1
Let n = -57 - -40. Let u = -14 - n. Let t(x) = -15*x**3 + 4*x**3 + 12*x**u + 6*x**2 + 8. Determine t(-6).
8
Let f(y) = 2*y + 8. Suppose 0 = -4*d + 5*w + 19, d = w - 5*w + 10. Suppose 2*m = -20 + d. What is f(m)?
-6
Let h = 45 - 31. Let v = h + -12. Let s(u) = -u**3 + 3 - 3*u - 65*u**2 + 61*u**v + 6*u. Determine s(-5).
13
Suppose 2*n - 11 + 5 = 0. Suppose -20 = -5*w, 6 = n*h - 0*h - 3*w. Let j(d) = -h*d + d**2 + 8*d**3 - 4*d - d + 10*d. Determine j(1).
8
Let c = -9 - -9. Suppose f + c*f = 9. Let d(k) = -k + 1 + f - 2. Determine d(0).
8
Let c(p) = 1 + 21*p + 11 - 69*p + 26*p + 21*p. What is c(-6)?
18
Let y(r) = 4*r**2 + 4*r + 2. Let x(h) = -h**2 - h. Let b(a) = x(a) + y(a). Suppose 4*u = 5*k + 10, u + u - 4*k = 8. Suppose 5*q + 0 + 10 = u. What is b(q)?
8
Suppose -6*t + 3*t = -3. Let h(u) be the first derivative of -5*u**3/6 + u**2/2 - u - 4. Let r(v) be the first derivative of h(v). What is r(t)?
-4
Suppose 6*k = 3*k + 9. Let i(y) = -4 - y + k*y + y - y. Suppose 2*m - 2*t = 0, 2*m - 4*t = -0*t + 8. Calculate i(m).
-12
Let q(i) = 9 + 10*i**2 + 15*i + 3 + 0. Let p(a) = -7*a**2 - 10*a - 8. Let d be (3 - 5) + 6/(-2). Let y(l) = d*q(l) - 7*p(l). What is y(-4)?
0
Let n(v) = 4*v**2 - 8*v + 13. Let j(t) = -3*t**2 + 7*t - 11. Let u(x) = -5*j(x) - 4*n(x). Let h be (-12)/2*(-3)/9. Let l be h/((-4)/(-2))*-5. Calculate u(l).
-7
Let o(k) be the first derivative of -2*k**3/3 + 19*k**2/2 - 13*k - 287. Determine o(9).
-4
Let j(h) = -h + 1. Suppose 38 = -3*x + 14. Calculate j(x).
9
Let p(t) = -2*t - 2. Suppose -5*y = -3*y + 6. Give p(y).
4
Let c(o) be the second derivative of -o**3/6 + o**2 - 657*o. Determine c(-6).
8
Let o(t) = t**2 - 2*t + 2. Let c be (-16)/(-6 - -2) - 2. Let q be o(c). Let w(g) = 2*g**2 - 2*g. Determine w(q).
4
Suppose 2*s - 3*n = 11, 0*n - 3*n - 13 = -s. Let q(p) = -2 + 36*p**2 - 34*p**2 - 2*p - p. Determine q(s).
12
Suppose 0 = 5*x - 4*f - 25, 2*x - 3*x - 2*f = 9. Let d(r) = -8 + 8*r + 9 + 0*r + 2*r. Calculate d(x).
11
Suppose 0 = 3*v, -3*v + 16 = k + 3*k. Suppose 0 = -2*w + 2*l + 6, -48 = -0*w - k*w - 5*l. Suppose 17 = -2*r + w. Let b(p) = -p**2 - 4*p. Calculate b(r).
-5
Let o(l) = -2*l**2 + l - 3. Let p(n) = 9*n**2 - 9*n + 20. Let u(s) = 10*